) to base 14
-6a13
Convert 35123 (base 6) to base 3.
20212220
1263 (base 9) to base 15
433
-2212300 (base 4) to base 13
-4b1c
459 (base 11) to base 3
202022
-b49 (base 16) to base 6
-21213
What is -202011 (base 3) in base 9?
-664
Convert 747 (base 13) to base 9.
1630
Convert 2003 (base 4) to base 3.
11212
What is -5299 (base 14) in base 10?
-14247
100001101110 (base 2) to base 9
2857
Convert 947 (base 15) to base 7.
6046
What is 20212121 (base 3) in base 4?
1032103
Convert 3b35 (base 15) to base 16.
316a
-240 (base 7) to base 10
-126
What is -1d0 (base 16) in base 11?
-392
166 (base 12) to base 2
11011110
Convert -300 (base 7) to base 4.
-2103
Convert 804 (base 15) to base 6.
12204
What is 1a7 (base 16) in base 10?
423
Convert 1310 (base 12) to base 7.
6222
3504 (base 6) to base 8
1500
-142013 (base 5) to base 7
-23103
What is 2400 (base 11) in base 12?
19a2
Convert 47334 (base 9) to base 14.
b749
Convert 10011111110001 (base 2) to base 16.
27f1
Convert 2010122 (base 4) to base 14.
3134
-24 (base 9) to base 8
-26
212 (base 6) to base 8
120
a (base 15) to base 2
1010
Convert -133455 (base 6) to base 12.
-728b
Convert 112 (base 12) to base 14.
b4
5662 (base 16) to base 6
250214
What is -76 (base 8) in base 15?
-42
Convert 1240032 (base 5) to base 13.
b144
Convert 250 (base 13) to base 8.
623
123c (base 15) to base 2
111100101010
3221 (base 5) to base 6
2004
What is -43121 (base 5) in base 4?
-231133
4082 (base 10) to base 6
30522
Convert -742 (base 9) to base 14.
-313
110011101111110 (base 2) to base 16
677e
What is -e2 (base 15) in base 10?
-212
What is 1051 (base 8) in base 11?
463
What is 111022 (base 4) in base 11?
1021
Convert 963 (base 13) to base 12.
b16
12442 (base 6) to base 5
30043
-6a80 (base 14) to base 16
-4868
Convert -111042 (base 5) to base 6.
-30013
4122 (base 5) to base 12
389
100100011011000 (base 2) to base 10
18648
What is 40245 (base 8) in base 9?
24627
What is 21215 (base 7) in base 5?
132010
What is -4111 (base 6) in base 3?
-1020121
Convert -102202202 (base 3) to base 16.
-2183
What is 20110211 (base 3) in base 9?
6424
What is 7a4b (base 12) in base 10?
13595
-f881 (base 16) to base 4
-33202001
What is -7a0 (base 14) in base 4?
-113220
1599 (base 10) to base 15
719
Convert -1203221 (base 4) to base 5.
-201002
Convert 4858 (base 14) to base 16.
314e
Convert -4434 (base 9) to base 5.
-101041
Convert 385 (base 10) to base 7.
1060
What is 33322 (base 9) in base 4?
11121311
Convert 132100 (base 6) to base 4.
2331210
Convert 96 (base 10) to base 15.
66
Convert -1301233 (base 4) to base 5.
-213104
Convert -1021010 (base 3) to base 11.
-768
Convert -84805 (base 9) to base 8.
-155371
-205445 (base 6) to base 9
-25042
What is 111110000011 (base 2) in base 11?
2a90
Convert -1011101200 (base 3) to base 6.
-253543
Convert 1054 (base 7) to base 10.
382
What is -1030033 (base 5) in base 7?
-102034
Convert -1405 (base 8) to base 11.
-643
-3f95 (base 16) to base 7
-65312
Convert -21506 (base 7) to base 5.
-133041
What is 1993 (base 12) in base 6?
22303
What is 376aa (base 11) in base 10?
54086
-1b0b (base 15) to base 11
-4449
What is 37511 (base 8) in base 15?
4c01
Convert -44306 (base 7) to base 4.
-2231321
Convert -876 (base 9) to base 5.
-10332
Convert -2632 (base 11) to base 16.
-d5f
Convert 110001111100101 (base 2) to base 3.
1022002011
1132 (base 10) to base 15
507
Convert 108 (base 12) to base 16.
98
Convert 9127 (base 12) to base 8.
36557
94 (base 13) to base 7
232
What is -93f (base 16) in base 14?
-c11
Convert 2114 (base 6) to base 5.
3403
Convert -250a (base 16) to base 2.
-10010100001010
What is -1221112100 (base 3) in base 14?
-dd55
Convert -4735 (base 9) to base 11.
-2706
-598 (base 11) to base 12
-4b4
-1030313 (base 4) to base 14
-1b15
What is -30003 (base 6) in base 4?
-330303
What is -17744 (base 11) in base 4?
-12010111
-125355 (base 6) to base 2
-10110101000111
What is -7655 (base 9) in base 11?
-4267
Convert 1021023 (base 4) to base 11.
3578
What is 100001000100 (base 2) in base 11?
1654
Convert -a11 (base 15) to base 6.
-14254
-201022 (base 3) to base 4
-20021
What is 100020122 (base 3) in base 7?
25436
Convert 1cc (base 15) to base 16.
1a1
What is 2120 (base 6) in base 10?
480
Convert 4ed (base 16) to base 8.
2355
1423 (base 6) to base 8
567
Convert 76ba (base 12) to base 13.
5c6b
Convert -2578 (base 15) to base 2.
-1111100110100
Convert 55411 (base 6) to base 13.
3682
What is -42a (base 12) in base 6?
-2454
Convert 2232022 (base 4) to base 8.
25612
Convert -13713 (base 12) to base 13.
-c357
Convert -6a (base 12) to base 5.
-312
Convert -2d98 (base 15) to base 13.
-4613
1473 (base 9) to base 3
1112110
What is 22103 (base 4) in base 15?
2de
Convert 1514 (base 6) to base 13.
253
What is 360 (base 12) in base 9?
620
What is -100000100111 (base 2) in base 10?
-2087
What is -221 (base 9) in base 8?
-265
433 (base 9) to base 12
256
What is 222 (base 10) in base 2?
11011110
Convert -646 (base 7) to base 4.
-11020
-201121 (base 6) to base 13
-7279
Convert 1557 (base 8) to base 9.
1176
What is 1508 (base 9) in base 12?
7b2
ab (base 12) to base 7
245
What is -1000111101100100 (base 2) in base 6?
-441540
-1161 (base 7) to base 15
-1e0
Convert -1d (base 16) to base 15.
-1e
What is -10a1 (base 13) in base 9?
-3166
1100100 (base 3) to base 4
33111
What is 1150 (base 7) in base 13?
26b
Convert 102221010 (base 3) to base 10.
8697
Convert 191b (base 14) to base 12.
2759
-45004 (base 6) to base 15
-1ccd
13056 (base 7) to base 9
4676
Convert -494 (base 11) to base 8.
-1113
4c9b (base 15) to base 4
3333122
1101010011 (base 2) to base 6
3535
Convert 3123 (base 5) to base 14.
217
Convert -1111011111010 (base 2) to base 11.
-5a5a
What is -3a565 (base 11) in base 4?
-32020311
What is -448 (base 10) in base 13?
-286
What is 1005025 (base 6) in base 3?
2102111122
2692 (base 10) to base 8
5204
What is 32021 (base 4) in base 13?
548
Convert -112010002 (base 3) to base 4.
-2200301
-2188 (base 9) to base 6
-11255
2917 (base 12) to base 4
1022203
-851 (base 14) to base 8
-3147
Convert 2b264 (base 12) to base 11.
41793
What is -304 (base 11) in base 8?
-557
Convert 6bb (base 13) to base 2.
10010010000
Convert 2741 (base 12) to base 10.
4513
233020 (base 4) to base 13
14b0
96 (base 13) to base 9
146
22754 (base 8) to base 12
5750
-6cd (base 15) to base 10
-1543
What is 10001101111010 (base 2) in base 13?
4198
Convert -663a (base 11) to base 2.
-10001000110011
What is -111011 (base 3) in base 11?
-2a3
What is -305 (base 11) in base 10?
-368
Convert 131032 (base 5) to base 4.
1100112
111100111111011 (base 2) to base 6
400323
What is ad0b (base 14) in base 16?
752f
Convert -101200001 (base 3) to base 4.
-1321201
What is 551 (base 13) in base 16?
38f
Convert -3e3 (base 15) to base 11.
-738
-1e6e (base 15) to base 2
-1100111100101
Convert -16724 (base 11) to base 15.
-6e6a
What is -13431 (base 7) in base 14?
-1488
-422 (base 10) to base 4
-12212
-55 (base 16) to base 8
-125
Convert 1029 (base 11) to base 3.
1212110
Convert 1735 (base 9) to base 11.
aa8
110100010 (base 2) to base 14
21c
What is 182b3 (base 12) in base 16?
88a7
-21222 (base 3) to base 13
-137
Convert 7c9 (base 15) to base 14.
900
What is -51435 (base 6) in base 8?
-15317
-3141034 (base 5) to base 14
-15284
What is -11010010 (base 2) in base 4?
-3102
54852 (base 9) to base 7
211112
-13351 (base 6) to base 15
-93d
What is 424230 (base 5) in base 2?
11011111101011
What is -1202120 (base 4) in base 12?
-3788
What is 1c (base 14) in base 6?
42
What is 22 (base 6) in base 10?
14
Convert 30 (base 9) to base 12.
23
What is 263a4 (base 12) in base 9?
78777
What is 12bbb (base 12) in base 7?
135365
What is 127 (base 14) in base 12?
173
What is -10010111011 (base 3) in base 4?
-33002113
What is -212120 (base 4) in base 7?
-10106
Convert -1105310 (base 6) to base 2.
-1101100101001010
Convert 11011110001100 (base 2) to base 6.
145500
What is 108 (base 16) in base 10?
264
c066 (base 15) to base 8
117224
What is -111010100001 (base 2) in base 5?
-104440
-110101 (base 3) to base 5
-2314
Convert -10011010 (base 2) to base 3.
-12201
Convert 103023 (base 5) to base 15.
1093
-1010001 (base 2) to base 7
-144
What is 11224 (base 6) in base 13?
961
49603 (base 11) to base 12
352b4
What is 1042322 (base 5) 